46 a factor of 430408?
True
Does 6 divide 22076?
False
Is 6 a factor of 34067?
False
Does 25 divide 5516?
False
Does 40 divide 5012000?
True
Is 235658 a multiple of 218?
True
Is 1251 a factor of 6493137?
False
Is 451184 a multiple of 692?
True
Is 557367 a multiple of 398?
False
Is 17070 a multiple of 58?
False
Does 93 divide 13588230?
True
Does 6 divide 5299177?
False
Is 13 a factor of 6981?
True
Is 89 a factor of 7306999?
False
Is 349349 a multiple of 13?
True
Does 296 divide 173160?
True
Is 81 a factor of 4139408?
False
Is 263 a factor of 950228?
False
Is 171 a factor of 48906?
True
Does 63 divide 283708?
False
Is 465028 a multiple of 93?
False
Is 5779480 a multiple of 70?
True
Is 2188321 a multiple of 400?
False
Does 86 divide 580882?
False
Is 342684 a multiple of 12?
True
Does 70 divide 4265730?
True
Does 135 divide 560787?
False
Is 4409204 a multiple of 13?
False
Is 2255506 a multiple of 11?
True
Is 2835855 a multiple of 337?
True
Is 16 a factor of 50653?
False
Does 138 divide 4842006?
True
Does 3 divide 40214?
False
Does 247 divide 249621?
False
Does 69 divide 162155?
False
Does 357 divide 481656?
False
Is 60912 a multiple of 108?
True
Is 474 a factor of 1062234?
True
Is 208791 even?
False
Is 174400 a multiple of 245?
False
Does 164 divide 3026948?
True
Is 4 a factor of 94904?
True
Does 6 divide 272404?
False
Is 894530 a multiple of 20?
False
Is 123 a factor of 272169?
False
Is 12 a factor of 3818526?
False
Is 317 a factor of 113169?
True
Is 20 a factor of 253000?
True
Does 220 divide 4163940?
True
Is 315205 a multiple of 55?
True
Is 82 a factor of 683246?
False
Is 454620 a multiple of 236?
False
Is 203 a factor of 4613378?
True
Is 542 a factor of 6666058?
True
Does 15 divide 856470?
True
Does 550 divide 466629?
False
Is 35206 a multiple of 71?
False
Is 170 a factor of 93476?
False
Is 358 a factor of 11623544?
True
Is 5715947 a multiple of 43?
True
Is 115755 a multiple of 13?
False
Is 40 a factor of 686320?
True
Does 246 divide 12296802?
True
Is 19 a factor of 8113?
True
Is 99 a factor of 48114?
True
Is 9941 a multiple of 136?
False
Is 4557066 a multiple of 122?
True
Does 8 divide 575173?
False
Is 258694 a multiple of 4?
False
Is 146927 a multiple of 11?
True
Is 258225 a multiple of 55?
True
Does 32 divide 81155?
False
Does 14 divide 314333?
False
Is 22 a factor of 300608?
True
Does 367 divide 4605814?
False
Is 323 a factor of 2464118?
False
Is 59 a factor of 2785685?
True
Is 184509 a multiple of 247?
True
Does 9 divide 35102?
False
Does 12 divide 136064?
False
Is 190 a factor of 197980?
True
Is 579261 a multiple of 293?
True
Is 1743896 a multiple of 56?
True
Does 21 divide 540036?
True
Is 7 a factor of 129231?
False
Is 59 a factor of 23050887?
True
Does 9 divide 2576280?
False
Is 5718995 a multiple of 5?
True
Does 8 divide 71560?
True
Is 66591 a multiple of 151?
True
Is 167347 a multiple of 50?
False
Is 298758 a multiple of 51?
True
Is 24 a factor of 18096?
True
Is 8920138 a multiple of 440?
False
Does 78 divide 1190904?
True
Is 1000 a factor of 4941984?
False
Is 22 a factor of 128903?
False
Is 832 a factor of 246306?
False
Is 156768 a multiple of 46?
True
Does 16 divide 50704?
True
Does 515 divide 1376710?
False
Does 161 divide 273539?
True
Is 11 a factor of 338961?
False
Is 103986 a multiple of 109?
True
Is 1690973 a multiple of 17?
True
Is 4716252 a multiple of 27?
True
Is 869079 a multiple of 75?
False
Is 135 a factor of 409191?
False
Does 195 divide 5248128?
False
Does 40 divide 89348?
False
Is 162 a factor of 178027?
False
Does 54 divide 4809672?
True
Does 178 divide 4478749?
False
Is 6 a factor of 18072?
True
Is 181312 a multiple of 370?
False
Is 240 a factor of 208684?
False
Does 431 divide 515045?
True
Does 17 divide 851003?
True
Is 180 a factor of 827460?
True
Does 2 divide 33179?
False
Is 11 a factor of 1411784?
True
Does 507 divide 555727?
False
Is 3361568 a multiple of 688?
True
Is 393 a factor of 16281990?
True
Is 53118 a multiple of 77?
False
Does 15 divide 191570?
False
Is 7 a factor of 23856?
True
Is 2 a factor of 15848?
True
Does 58 divide 456054?
True
Does 179 divide 379364?
False
Does 102 divide 4581330?
True
Does 550 divide 5530726?
False
Does 94 divide 169294?
True
Is 287711 a multiple of 31?
True
Is 1543520 a multiple of 23?
False
Does 8 divide 13269392?
True
Does 135 divide 176040?
True
Is 904616 a multiple of 226?
False
Is 30668 a multiple of 22?
True
Is 15 a factor of 32430?
True
Does 30 divide 131829?
False
Is 12 a factor of 213144?
True
Does 81 divide 2616338?
False
Does 153 divide 19049?
False
Is 23 a factor of 1786571?
True
Does 4 divide 228?
True
Is 197 a factor of 581544?
True
Does 7 divide 3948?
True
Does 81 divide 87970?
False
Is 386 a factor of 748303?
False
Does 441 divide 2354860?
False
Is 83837 a multiple of 2?
False
Is 22332 even?
True
Is 350 a factor of 4104283?
False
Is 54241 a multiple of 88?
False
Is 2733307 a multiple of 50?
False
Does 6 divide 41363?
False
Does 35 divide 39830?
True
Is 1041880 a multiple of 14?
True
Is 364 a factor of 24392?
False
Does 46 divide 218758?
False
Is 16294 a multiple of 18?
False
Is 3510477 a multiple of 185?
False
Is 13897050 a multiple of 75?
True
Is 69 a factor of 5351847?
True
Is 756841 a multiple of 312?
False
Is 7 a factor of 17425?
False
Does 20 divide 760076?
False
Does 1102 divide 4891152?
False
Is 479712 a multiple of 198?
False
Is 19 a factor of 95276?
False
Is 218 a factor of 3361124?
True
Is 1293578 a multiple of 11?
True
Is 25 a factor of 2226350?
True
Is 324960 a multiple of 3?
True
Is 24 a factor of 3714456?
True
Does 107 divide 18914?
False
Does 24 divide 34560820?
False
Does 76 divide 166074?
False
Is 124 a factor of 496?
True
Is 6499542 a multiple of 102?
True
Does 21 divide 7701013?
False
Is 13 a factor of 19117?
False
Does 5 divide 9490?
True
Does 393 divide 324618?
True
Does 231 divide 3933253?
False
Is 52 a factor of 1518608?
True
Is 52 a factor of 1899767?
False
Does 2 divide 279489?
False
Is 8 a factor of 7036?
False
Does 623 divide 4101320?
False
Is 396 a factor of 278388?
True
Is 207244 a multiple of 394?
True
Is 1324050 a multiple of 175?
True
Does 64 divide 158144?
True
Does 18 divide 475495?
False
Is 2318560 a multiple of 688?
True
Does 13 divide 280619?
False
Does 19 divide 1936?
False
Does 10 divide 217601?
False
Does 3 divide 10417?
False
Is 4015684 a multiple of 611?
False
Is 273139 a multiple of 304?
False
Does 33 divide 699468?
True
Does 9 divide 122364?
True
Does 23 divide 78678?
False
Is 27694 a multiple of 6?
False
Does 11 divide 1846900?
True
Is 26429 a multiple of 13?
True
Is 517 a factor of 3900765?
True
Is 11979233 a multiple of 11?
False
Is 427746 a multiple of 5?
False
Does 18 divide 2636406?
True
Does 332 divide 27606?
False
Is 3593403 a multiple of 61?
False
Does 11 divide 14533?
False
Is 107 a factor of 323114?
False
Does 271 divide 161516?
True
Does 41 divide 393354?
True
Is 93 a factor of 7933246?
False
Is 274102 a multiple of 176?
False
Does 11 divide 47318?
False
Does 34 divide 812451?
False
Is 773 a factor of 2907253?
True
Does 9 divide 130309?
False
Is 1321690 a multiple of 171?
False
Is 187256 a multiple of 79?
False
Is 153636 a multiple of 6?
True
Does 13 divide 7329946?
True
Is 9696306 a multiple of 19?
False
Does 21 divide 74638?
False
Does 470 divide 1191450?
True
Is 5 a factor of 44715?
True
Does 44 divide 12320?
True
Does 18 divide 6372504?
True
Is 375497 a multiple of 728?
False
Is 2030578 a multiple of 130?
False
Is 1827 a multiple of 9?
True
Does 11 divide 7288842?
True
Is 210946 a multiple of 29?
True
Is 28 a factor of 2559296?
False
Is 430 a factor of 2308161?
False
Is 1157 a factor of 3565830?
False
Does 2 divide 64004?
True
Is 261 a factor of 438741?
True
Is 9 a factor of 6260706?
True
Does 430 divide 3966721?
False
Does 60 divide 186480?
True
Does 32 divide 166716?
False
Is 331 a factor of 297281?
False
Is 408050 a multiple of 7?
False
Does 31 divide 1105067?
False
Is 195129 a multiple of 164?
False
Is 11 a factor of 704442?
False
Is 81 a factor of 805989?
False
Does 232 divide 652483?
False
Does 3 divide 299714?
False
Is 1082017 a multiple of 51?
False
Is 1041 a factor of 4955160?
True
Is 1051812 a multiple of 9?
True
Is 12 a factor of 52637?
False
Is 2750780 a multiple of 5?
True
Does 18 d